{"version":"1.0","provider_name":"Eyrignac et ses jardins","provider_url":"https:\/\/www.eyrignac.com\/fr","title":"LES TRAVAUX DES JARDINIERS - Eyrignac et ses jardins","type":"rich","width":600,"height":338,"html":"<blockquote class=\"wp-embedded-content\" data-secret=\"dlDysUOUv7\"><a href=\"https:\/\/www.eyrignac.com\/fr\/evenements\/les-travaux-des-jardiniers-fev23\">LES TRAVAUX DES JARDINIERS<\/a><\/blockquote><iframe sandbox=\"allow-scripts\" security=\"restricted\" src=\"https:\/\/www.eyrignac.com\/fr\/evenements\/les-travaux-des-jardiniers-fev23\/embed#?secret=dlDysUOUv7\" width=\"600\" height=\"338\" title=\"\u00ab\u00a0LES TRAVAUX DES JARDINIERS\u00a0\u00bb &#8212; Eyrignac et ses jardins\" data-secret=\"dlDysUOUv7\" frameborder=\"0\" marginwidth=\"0\" marginheight=\"0\" scrolling=\"no\" class=\"wp-embedded-content\"><\/iframe><script type=\"text\/javascript\">\n\/* <![CDATA[ *\/\n\/*! This file is auto-generated *\/\n!function(d,l){\"use strict\";l.querySelector&&d.addEventListener&&\"undefined\"!=typeof URL&&(d.wp=d.wp||{},d.wp.receiveEmbedMessage||(d.wp.receiveEmbedMessage=function(e){var t=e.data;if((t||t.secret||t.message||t.value)&&!\/[^a-zA-Z0-9]\/.test(t.secret)){for(var s,r,n,a=l.querySelectorAll('iframe[data-secret=\"'+t.secret+'\"]'),o=l.querySelectorAll('blockquote[data-secret=\"'+t.secret+'\"]'),c=new RegExp(\"^https?:$\",\"i\"),i=0;i<o.length;i++)o[i].style.display=\"none\";for(i=0;i<a.length;i++)s=a[i],e.source===s.contentWindow&&(s.removeAttribute(\"style\"),\"height\"===t.message?(1e3<(r=parseInt(t.value,10))?r=1e3:~~r<200&&(r=200),s.height=r):\"link\"===t.message&&(r=new URL(s.getAttribute(\"src\")),n=new URL(t.value),c.test(n.protocol))&&n.host===r.host&&l.activeElement===s&&(d.top.location.href=t.value))}},d.addEventListener(\"message\",d.wp.receiveEmbedMessage,!1),l.addEventListener(\"DOMContentLoaded\",function(){for(var e,t,s=l.querySelectorAll(\"iframe.wp-embedded-content\"),r=0;r<s.length;r++)(t=(e=s[r]).getAttribute(\"data-secret\"))||(t=Math.random().toString(36).substring(2,12),e.src+=\"#?secret=\"+t,e.setAttribute(\"data-secret\",t)),e.contentWindow.postMessage({message:\"ready\",secret:t},\"*\")},!1)))}(window,document);\n\/\/# sourceURL=https:\/\/www.eyrignac.com\/wp-includes\/js\/wp-embed.min.js\n\/* ]]> *\/\n<\/script>\n","description":"D\u00e9coupes des bordures gazon Tailles des Cypr\u00e8s Taille des fruitiers D\u00e9but taille arbustive D\u00e9sherbage antigerminatif des all\u00e9es Plantations arbres, arbustes, \u2026 Cernage des plantes souffrantes Suppression du Lierre sur les arbres"}

Découpes des bordures gazon Tailles des Cyprès Taille des fruitiers Début taille arbustive Désherbage antigerminatif des allées Plantations arbres, arbustes, … Cernage des plantes souffrantes Suppression du Lierre sur les arbres
