{"version":"1.0","provider_name":"Eyrignac et ses jardins","provider_url":"https:\/\/www.eyrignac.com\/fr","title":"Dossier de presse 2020 d'Eyrignac et ses jardins (P\u00e9rigord Noir)","type":"rich","width":600,"height":338,"html":"<blockquote class=\"wp-embedded-content\" data-secret=\"gBY5MMxC79\"><a href=\"https:\/\/www.eyrignac.com\/fr\/dossiers-de-presse\/eyrignac-dossier-de-presse\">Eyrignac et ses jardins : Dossier de presse 2026<\/a><\/blockquote><iframe sandbox=\"allow-scripts\" security=\"restricted\" src=\"https:\/\/www.eyrignac.com\/fr\/dossiers-de-presse\/eyrignac-dossier-de-presse\/embed#?secret=gBY5MMxC79\" width=\"600\" height=\"338\" title=\"\u00ab\u00a0Eyrignac et ses jardins : Dossier de presse 2026\u00a0\u00bb &#8212; Eyrignac et ses jardins\" data-secret=\"gBY5MMxC79\" frameborder=\"0\" marginwidth=\"0\" marginheight=\"0\" scrolling=\"no\" class=\"wp-embedded-content\"><\/iframe><script type=\"text\/javascript\">\n\/* <![CDATA[ *\/\n\/*! This file is auto-generated *\/\n!function(d,l){\"use strict\";l.querySelector&&d.addEventListener&&\"undefined\"!=typeof URL&&(d.wp=d.wp||{},d.wp.receiveEmbedMessage||(d.wp.receiveEmbedMessage=function(e){var t=e.data;if((t||t.secret||t.message||t.value)&&!\/[^a-zA-Z0-9]\/.test(t.secret)){for(var s,r,n,a=l.querySelectorAll('iframe[data-secret=\"'+t.secret+'\"]'),o=l.querySelectorAll('blockquote[data-secret=\"'+t.secret+'\"]'),c=new RegExp(\"^https?:$\",\"i\"),i=0;i<o.length;i++)o[i].style.display=\"none\";for(i=0;i<a.length;i++)s=a[i],e.source===s.contentWindow&&(s.removeAttribute(\"style\"),\"height\"===t.message?(1e3<(r=parseInt(t.value,10))?r=1e3:~~r<200&&(r=200),s.height=r):\"link\"===t.message&&(r=new URL(s.getAttribute(\"src\")),n=new URL(t.value),c.test(n.protocol))&&n.host===r.host&&l.activeElement===s&&(d.top.location.href=t.value))}},d.addEventListener(\"message\",d.wp.receiveEmbedMessage,!1),l.addEventListener(\"DOMContentLoaded\",function(){for(var e,t,s=l.querySelectorAll(\"iframe.wp-embedded-content\"),r=0;r<s.length;r++)(t=(e=s[r]).getAttribute(\"data-secret\"))||(t=Math.random().toString(36).substring(2,12),e.src+=\"#?secret=\"+t,e.setAttribute(\"data-secret\",t)),e.contentWindow.postMessage({message:\"ready\",secret:t},\"*\")},!1)))}(window,document);\n\/\/# sourceURL=https:\/\/www.eyrignac.com\/wp-includes\/js\/wp-embed.min.js\n\/* ]]> *\/\n<\/script>\n","thumbnail_url":"https:\/\/www.eyrignac.com\/wp-content\/uploads\/2018\/01\/eyrignac_jardins_eric_sander_allee_charmes_web.jpg","thumbnail_width":2000,"thumbnail_height":753,"description":"Ch\u00e8res professionnelles, chers professionnels de la Presse. Vous trouverez sur cette page le dossier de Presse et les communiqu\u00e9s de Presses relatifs \u00e0 la vie d'Eyrignac et ses jardins. Si vous souhaitez avoir des informations suppl\u00e9mentaires, n'h\u00e9sitez pas \u00e0 nous contacter, nous nous ferons un plaisir de vous r\u00e9pondre"}

Dossier de presse 2020 d'Eyrignac et ses jardins (Périgord Noir)

Chères professionnelles, chers professionnels de la Presse. Vous trouverez sur cette page le dossier de Presse et les communiqués de Presses relatifs à la vie d'Eyrignac et ses jardins. Si vous souhaitez avoir des informations supplémentaires, n'hésitez pas à nous contacter, nous nous ferons un plaisir de vous répondre
